tens digit of k?
2
Let w = -128 + 1182. What is the tens digit of w?
5
Let a(p) = -7*p + 20*p**3 - 3*p + p**2 + 20 + 3*p**2 - 19*p**3. What is the tens digit of a(5)?
9
Suppose 0 = -k + 4*k - 5*y + 963, 4*k + y + 1261 = 0. Let o = k + 529. What is the tens digit of o?
1
Suppose -4*r - 2 = 5*y - r, 10 = -3*y - 4*r. Let p be (-1 - 0)/((-1)/11). Suppose -a + 8 = 4*s - 0, -3*s - y*a = -p. What is the units digit of s?
1
Let m = -13 + -28. Let g = 258 + m. What is the hundreds digit of g?
2
Let m(f) = 2*f - 2. Let x be m(-3). Let g be 0 - (-3 - (x + -3)). What is the tens digit of (-2)/g - 284/(-16)?
1
What is the hundreds digit of (182/(-56))/((-1)/176)?
5
Suppose -g = -2130 + 1447. What is the hundreds digit of g?
6
Let x be 1/6 + (-8817)/(-18) + -2. Suppose -x + 148 = -5*s. What is the units digit of s?
8
What is the hundreds digit of (123300/175)/(1/(-14)*-4)?
4
Let b(t) = -t**2 + 238*t**3 - 2*t + t - 239*t**3 + 2*t**2 + 137. What is the units digit of b(0)?
7
Suppose x - 7 = -11. What is the tens digit of (6/x)/((-42)/2212)?
7
Suppose -3*d + 3 = 0, -3*p - 3*d = -8*d + 26. Let v = p - -11. Suppose -v*j + 0*j + 68 = 0. What is the units digit of j?
7
Let v(c) be the first derivative of -79*c**4/2 + 2*c**3/3 - 2*c - 27. What is the hundreds digit of v(-1)?
1
Suppose 3*i - 1 - 5 = 0. Suppose 0 = 4*j - i*q - 334, -5*q - 136 = -2*j + 27. What is the tens digit of j?
8
Suppose 0 = 4*g - 2*z - 552, 0 = 3*g + 3*z - 215 - 217. What is the hundreds digit of g?
1
Suppose 8*h - 1955 - 11405 = 0. What is the units digit of h?
0
Suppose -3*z = 104*w - 108*w - 10567, 10 = 5*w. What is the tens digit of z?
2
Suppose -6 = 2*d - 2*w, -5*d = -d + 3*w - 9. Let l = d - -5. Suppose -16 + 91 = l*n. What is the tens digit of n?
1
Suppose 0 = -c + z + 549, 3*c + 1639 = 6*c - 5*z. What is the units digit of c?
3
Suppose -4*n - 4 = 0, -3*h + 4895 = 11*n - 7*n. What is the hundreds digit of h?
6
Let w(l) = -l - 1. Let q(s) = -s**2 - 13*s + 2. Suppose -u - 2*z = 0, 8 - 2 = 3*z. Let n(y) = u*w(y) + q(y). What is the units digit of n(-8)?
4
Let r(l) = 8*l - 15. Let b be r(10). What is the tens digit of (b/15 - 2)*12?
2
What is the units digit of -974*(-56)/84*(-3)/(-4)?
7
What is the units digit of (255/2)/(13 + (-387)/30)?
5
Let u(m) = -10*m**3 - 5*m**2 + 4*m - 3. Let c(x) = -x**3 + x - 1. Let g(y) = -4*c(y) - u(y). What is the tens digit of g(2)?
2
Let q = 1766 + -1042. What is the tens digit of q?
2
Let z = 2034 + 2452. What is the tens digit of z?
8
Suppose 54*p - 97183 = 48293. What is the thousands digit of p?
2
Suppose 10*s = 29*s - 8740. What is the tens digit of s?
6
Suppose -5*s - 2*q + 1 - 3 = 0, 3*s = q + 1. Suppose 2*k + s = 8. Let t(h) = h**3 - 4*h**2 + 2*h - 2. What is the units digit of t(k)?
6
Let c = 8 - 2. Let r(q) = 7 + c - q - 2. What is the units digit of r(9)?
2
Let z(d) = 2*d - 10. Let p be z(7). Suppose 0 = 5*g - 4*c + 241, p*g - 2*c = -6*c - 164. Let l = -19 - g. What is the units digit of l?
6
What is the units digit of ((-36)/108)/(2/(-3342)) + 6?
3
Suppose 2*f = -2 - 2. Let v be (-8848)/(-36) - f/9. Suppose 129 + v = 5*b. What is the tens digit of b?
7
Let c(p) = -2*p - 5. Let s be c(-4). Suppose -4*l = v + 3*v - 8, -v = -2*l - 11. Suppose 108 = s*f - 4*t + t, -v*f + 195 = -2*t. What is the units digit of f?
1
Let k(r) = -14*r + 3. Let u be k(-9). Let p = 190 - u. Let b = 113 - p. What is the units digit of b?
2
Suppose 0 = -11*b + 130 - 9. Let k(c) = 2*c**2 - 5*c + 21. What is the hundreds digit of k(b)?
2
Let v be -9*(-13)/3 - 4. Suppose 167 + v = a. What is the hundreds digit of a?
2
Let i(f) = 2*f**3 + 95*f**2 - 68*f + 40. What is the units digit of i(-48)?
0
Let k(c) = -c**3 - 10*c**2 - 9*c + 9. Suppose 15 = f - 2*f - 3*y, -2 = y. What is the units digit of k(f)?
9
Let p be -48*3/(-18)*3. Let z be (-12 + 2)*p/20. What is the units digit of 6 + 1 - (z + 14)?
5
Suppose -4*i - 5*n + 698 = 0, 4*i + 3*n = 412 + 282. What is the tens digit of i?
7
What is the units digit of 144/(-384) - -32134*(-3)/(-48)?
8
Suppose n = 3*p + 14, 3*p = -3*n + 9 - 3. Let z be (p + 1)/(15/195). Let v = z + 57. What is the tens digit of v?
3
Let y(o) be the first derivative of -9/2*o**2 - 9 - 1/3*o**3 - 2*o. What is the tens digit of y(-5)?
1
Let t be (1/3)/((-4)/(-180)). Let b = t - 17. Let p = b + 13. What is the units digit of p?
1
Suppose 5 = 3*l + 4*k, 0*l = -2*l + 4*k + 10. Suppose l*n + 0 = 18. Let t = 8 - n. What is the units digit of t?
2
Suppose 5*c - 23 = -3*r - 2, 3*r - 9 = -c. Suppose c*z = 239 + 205. What is the hundreds digit of z?
1
Let i(j) = -j**2 + 2*j + 1. Let d(c) = 5*c**2 + 29*c - 20. Let r(h) = -d(h) - 4*i(h). What is the units digit of r(-32)?
6
Let z(s) be the second derivative of -s**5/60 + s**4/6 - s**3/3 + 5*s. Let w(t) be the second derivative of z(t). What is the tens digit of w(-6)?
1
Suppose 0*a - 12 = a + 4*c, 4*a + 5*c + 4 = 0. Suppose 63 = a*l + 3*l. What is the units digit of (6/l)/(10/135)?
9
Let t = 491 - 331. Let x = 1 - 1. Suppose x = -0*q + 5*q - t. What is the units digit of q?
2
Let n(g) = g**2 + 9*g + 20. Let v(l) = -l**3 + 5*l**2 + 2*l + 9. Let t be v(6). What is the hundreds digit of n(t)?
1
Suppose 10 - 270 = -4*v. Let b = -31 + v. What is the tens digit of b?
3
Let o be (-3 - 7*32) + -3. Let v = 42 - o. Suppose 4*h = 2*u + v, -u - 136 = -2*h - 3*u. What is the tens digit of h?
6
What is the units digit of 49/(441/25650) - -6?
6
Let o(s) = s**3 + 9*s**2 - 10*s - 10. Let j be o(-10). Let f = j - -60. What is the units digit of f?
0
Suppose n - 8 = g - 3, -4*g - 3*n = 48. What is the tens digit of (-3)/9 + (-534)/g?
5
Let r be (-3)/9 + 58/(-6). Let u(f) be the first derivative of -f**4/4 - 11*f**3/3 - 6*f**2 + 9*f - 2. What is the tens digit of u(r)?
2
Suppose -2*h = o - 8, 5*h - 3*o = 3*h + 8. Suppose 26 = -h*t + 2*t. Let y = 33 + t. What is the units digit of y?
0
Let g = 1407 + -989. What is the units digit of g?
8
Let l(p) = -p**3 + 3*p**2 + 2*p - 4. Let b be l(3). Suppose -b*f = -6 - 42. What is the units digit of f?
4
Suppose 3*z + v = -1172 + 4978, 0 = 2*v + 2. What is the units digit of z?
9
Suppose -5*u + 2*i - 291 = 0, 126 = -2*u + 10*i - 6*i. Let h = 81 + u. What is the tens digit of h?
2
Suppose i - 6106 = -26*t + 24*t, -2*t - 12212 = -2*i. What is the tens digit of i?
0
Let l = 85 - 67. Let s = 58 - l. What is the units digit of s?
0
What is the hundreds digit of (-13 - -33)*(-7 + 170)?
2
Let x = -360 + 679. What is the units digit of x?
9
Suppose -35*h + 4*z = -37*h + 150, z = -2. What is the units digit of h?
9
Let q(x) = -17 + 31*x - 61*x + 25*x. Let n(a) = -2*a**2 + 6*a - 1. Let r be n(4). What is the tens digit of q(r)?
2
Let n = -20 + 19. Let l = 0 + n. What is the units digit of (2/(-4))/(l/2)?
1
What is the hundreds digit of 748 + 0 - -4*25/(-20)?
7
Let m(i) = 2*i**3 - 8*i**2 + 13*i - 10. Let p be m(5). Let t = p - -239. What is the units digit of t?
4
Let t = 106 - 54. Suppose 4*p - 5*v - t = 0, -2*p - 2*p + 44 = -3*v. What is the tens digit of 13*5/(20/p)?
2
Suppose 18 + 17 = 5*p - 5*g, 3*p = -3*g + 9. Suppose -s = 5*i - p*s - 677, 520 = 4*i + 4*s. What is the tens digit of i?
3
Let a(y) = -61*y**3 + y**2 - y - 1. Let n be a(-1). Suppose 0 = -2*x + 10, -p - p - 2*x = -n. What is the tens digit of p?
2
Let b(m) = -65*m - 24. What is the tens digit of b(-7)?
3
Let d(h) = 4*h**2 - 1. Suppose 4*m + 17 = 5*t, 3*m - 6 = 5*m. Let c be d(t). Suppose -c*i - 4*j = -8*i + 93, -2*j = 4*i - 64. What is the tens digit of i?
1
Let r = 658 - 414. What is the units digit of r?
4
Suppose -i + 0*i = -45. Let z(n) = -2*n + n - i + 57. What is the tens digit of z(-10)?
2
Let k(d) = 2*d**3 + 3*d**2 + 9*d + 25. Let v(g) = 5*g**3 + 6*g**2 + 19*g + 51. Let f(z) = 9*k(z) - 4*v(z). What is the tens digit of f(-4)?
7
Let w = 30 - -54. Let r = 125 - w. What is the units digit of r?
1
Suppose -14 = 24*r - 31*r. Suppose h - 454 = -r*s + 163, -4*h + 1547 = 5*s. What is the units digit of s?
7
Let n(h) be the second derivative of -h**3/6 + 4*h**2 + 7*h. Let q be n(3). Suppose -q*v + 89 = -111. What is the tens digit of v?
4
Let m(y) = -y**2 - 14*y - 2. Let v be m(-10). Suppose 0 = 4*o - p - p - v, 5*p = o - 23. Let r = 21 - o. What is the tens digit of r?
1
Let q be (-26)/(-10) - 14/(-35). Let t be (-320)/(q + 35/(-15)). What is